. What is the tens digit of (-363)/(-5) - (-6)/q?
7
Let q = 49 + -34. Let g be 0/(-1) + (q - 11). Suppose 5*x = -5*y + 130, -g*x - 2*y + 2 + 94 = 0. What is the tens digit of x?
2
Let h(b) = -b + 1. Let i(t) = -69*t + 6. Let k(v) = -5*h(v) + i(v). Let l be k(-2). Suppose 3*o - l = -3*g - 9, -4*o + 128 = -4*g. What is the tens digit of o?
3
Suppose -11*i = -9*i + 18. What is the units digit of (-24)/(-4)*(-12)/i?
8
What is the units digit of (-56)/(-7) - 8 - -375?
5
Let a = 3284 + -1650. What is the thousands digit of a?
1
Let k = 165 + 20. What is the units digit of k?
5
Let g = 462 - 323. What is the units digit of g?
9
Let y = -9152 - -13662. What is the hundreds digit of y?
5
Suppose 0 = -h - h + 10. Suppose -320 + 120 = -h*b. Suppose -4*s + b = s. What is the units digit of s?
8
Suppose 4*k = -4*s + k + 1617, 5*s + 3*k = 2022. Suppose 5*f - 5*g + 117 = 782, -3*f = -g - s. What is the tens digit of f?
3
Let r be ((-3)/2)/(12/64). Let u = r - -11. Suppose -3*h + 19 = -u*p - 53, -64 = -3*h - p. What is the units digit of h?
2
Let k(z) = -z**2 - 8*z - 4. Suppose -2*w - 20 = 3*w. What is the units digit of k(w)?
2
Suppose 0 = 4*c - 3*a - 21, -5*c + 3*c = 4*a + 6. Let l be (c + -2 - 4) + 7. Suppose l = q + 1. What is the units digit of q?
3
Let b(m) = 9*m - 23. Let r be b(3). Suppose 4*w + i = 785, -3*w + r*i = -0*w - 603. What is the units digit of w?
7
What is the hundreds digit of (-4 - (1 - 27/5))*335?
1
Suppose 2*v + v = 4*y - 1620, 4*y - 1620 = 5*v. What is the hundreds digit of y?
4
Suppose -822*a - 2472 = -826*a. What is the units digit of a?
8
Suppose -5*c = -2*i - 12, -2*i = -5*c - i + 11. Suppose c*b = 95 - 27. What is the units digit of b?
4
Let c = 3 + -2. Let f = 36 - c. What is the tens digit of f?
3
Let n(q) = -3*q - 11. Let s be n(-5). Suppose -2*h = -0*l + 2*l + 52, 4*l = s*h - 88. What is the units digit of ((-30)/(-18))/((-1)/l)?
0
Let o(q) = q**2 - 6*q + 8. Let r be o(5). Suppose 10 = -5*k, -110 + 38 = -w + r*k. Suppose 0*h = 2*h - w. What is the tens digit of h?
3
Let r be 1 + -4 + 7 + 0. Suppose -2*d + 0*d - 32 = r*l, 0 = 2*l + 8. What is the units digit of -3 - d*5 - -2?
9
What is the tens digit of -6*(-7)/((-42)/(-939))?
3
Suppose -14 = -4*a - 5*t, -5*t = 3*a - a - 2. Suppose 2*h + 32 = a. Let x(p) = -p**2 - 15*p. What is the tens digit of x(h)?
2
Let z(o) = o**2 + 4*o - 5. Let w be z(-7). Let k(t) = -t**2 + 26*t + 7. What is the units digit of k(w)?
7
Let r(f) = 4*f + 36. Let g be r(-9). Suppose -3*s + g*s = 4*z - 484, -2*z + 482 = 3*s. What is the hundreds digit of s?
1
Suppose -4*v = 2*a - 24, 12*a - 9*a - 28 = -4*v. Suppose 0*h + 4*z + 362 = 3*h, -v*h + 492 = 4*z. What is the units digit of h?
2
Let q(a) = -4*a**3 + 110*a**2 - 59*a - 30. What is the hundreds digit of q(26)?
4
Let b(g) = 4*g**2 + 4*g - 1. Let y be (4/3)/((-4)/12). What is the tens digit of b(y)?
4
Let l = 2915 - 1599. What is the tens digit of l?
1
Let m be 2*(-12)/(-16)*2. Suppose x - 242 = 3*k, -2*k - 146 = -m*x + 20. Let t = -45 - k. What is the units digit of t?
5
Let g be (-2 - -6)/(-1) - -6. What is the units digit of 721/14 + 1/g?
2
Suppose 5*c = -0*b - 4*b - 6, 0 = -c + 5*b - 7. Let x(o) = -30*o**3 - o**2 + o + 1. Let u be x(c). Suppose -5*s = -10*s + u. What is the units digit of s?
7
Let q(f) = -7*f**3 - f**2 - f - 1. Let r be q(-1). Let y = -216 + 218. What is the units digit of (y - -4)*2/r?
2
What is the hundreds digit of 212724/96 + (1 + -4)/(-24)?
2
Let a(v) = -28*v + 341. What is the units digit of a(-73)?
5
What is the hundreds digit of (0 + -254)*21/(-14)?
3
Let w(p) = -p**2 + 5*p + 7. Let a be w(5). Suppose -a*g = -6*g. Suppose -c + 35 = -t + 4*t, g = -3*c + 2*t + 50. What is the units digit of c?
0
Suppose -r = -22 - 48. What is the tens digit of r?
7
Suppose -6655 = -5*d - 5*h, -13*d = -11*d - 5*h - 2683. What is the units digit of d?
4
Suppose -4*z - 28 = 2*d - z, 28 = -2*d + 2*z. Let n = d + 16. Suppose n*a - 5*a = -174. What is the units digit of a?
8
Let i(l) = -l**3 - l**2 - l + 3. Let r = 14 + -14. Let m be i(r). Suppose -m*j + 2*j + 70 = 2*x, 4*x = 4*j + 116. What is the tens digit of x?
3
Let x(w) = 9*w + 7. Let u be x(11). Let c = u + -45. What is the units digit of c?
1
Let y(x) = 5*x**2 + 8*x - 3 - 4*x**2 - 5*x. Let p be y(-3). What is the tens digit of p/9 - 73/(-3)?
2
Let k(q) = -q**3 - 25*q**2 + 27*q + 25. Let n be k(-26). What is the units digit of n/((-9)/282)*(12 - 6)?
8
Suppose -x - 5*b = -5*x + 97, 59 = 3*x - b. Suppose m + x = 57. What is the tens digit of m?
3
Let d = 37 - 34. Suppose 2*k = d*n - 188, -244 - 68 = -5*n + 2*k. What is the tens digit of n?
6
Let f(a) = -3*a + 5. Let g = 10 + -7. Let c(q) = 3*q - 6. Let i(z) = g*c(z) + 4*f(z). What is the units digit of i(-2)?
8
Suppose -11 = -x - 8. Suppose 0 = -x*k + 5*d + 293, -k + 42 + 53 = -d. What is the units digit of k?
1
Let o = 1 - 6. Let w(a) = a + 11. Let i be w(o). Let z(q) = -2*q**2 + 11*q + 7. What is the units digit of z(i)?
1
Let c(v) = v**2 - 2*v + 3. Let g be c(3). Suppose 0 = -g*l + 8*l - 466. What is the units digit of l?
3
Let t be 18 - (-3 - (-1 + -2)). Suppose -24 = -0*m - 2*m. Suppose m*k - t = 9*k. What is the units digit of k?
6
Suppose n + 0 = 9. Suppose -4*f + n = -f. Suppose -3*u = 3*y - 57, -f*y - 3*u = -5*u - 67. What is the units digit of y?
1
Suppose -43148 = -y - 27*y. What is the hundreds digit of y?
5
Let t(z) = -2*z**2 + z - 2. Let n be t(4). What is the units digit of -2 + 2 + -3 - n?
7
Suppose 695 = -9*w + 2756. What is the hundreds digit of w?
2
Let x be (37 - 11)/(2/7). Suppose -b - 13 = -x. What is the units digit of b?
8
Let o(t) = t**3 - 8*t**2 - t - 4. Let d = 7 + -9. Let j(s) = -4*s**3 + 24*s**2 + 4*s + 11. Let k(g) = d*j(g) - 7*o(g). What is the units digit of k(-8)?
4
Let r be (-4 - -3)*-10*15/6. Let q = r + 22. What is the units digit of q?
7
What is the tens digit of 33*2*(-1)/(15/(-85))?
7
Let t(d) = d**2 + d - 21. Let q be t(12). What is the units digit of (-2)/(-15) - ((-289152)/q)/16?
4
Let m(b) = b**2 - 5*b + 8. Let g be m(4). Suppose -g*a = 4*h - 84, -h - 4*h - 2*a + 93 = 0. Suppose 5*t - h = 8. What is the units digit of t?
5
Let w = 16 + -4. Let l be (w/(-2))/(24/16). What is the tens digit of 1309/28 + (-1)/l?
4
Let x(d) = -d + 16. Let f be x(12). Suppose -o + 0*o = -f. What is the units digit of o?
4
What is the tens digit of ((-1)/(-3))/((-20685)/(-6894) + -3)?
6
Let b = 3608 - 1787. What is the hundreds digit of b?
8
Let m = -19 + 22. Suppose 4*i + 3*t = 78 - 21, -m*t = -9. What is the units digit of i?
2
Let n = 561 - 255. What is the units digit of n?
6
Let w be (-1)/(-4) + (-68)/16. Let m be 4/(-6)*(-30)/w. What is the units digit of 5 + -3 + (-335)/m?
9
Let c(i) be the second derivative of -47*i**7/840 - i**6/180 + i**4/24 - i**3 + i. Let m(y) be the second derivative of c(y). What is the tens digit of m(-1)?
4
Let o(m) = m**3 - 3*m + 3226. What is the thousands digit of o(0)?
3
Let f be 123 - (-2 + -1 - -3). Suppose 0 = -4*r - f - 81. Let h = -31 - r. What is the tens digit of h?
2
Let i = -16 - -14. Let n(o) = o**2 - o + 5. Let t be n(0). Let k = t - i. What is the units digit of k?
7
Suppose -3*k - 2*z = 1 - 0, 0 = 4*k - 4*z - 32. Suppose 5*u - 14 = -r, 3*u = -6*r + k*r + 6. What is the tens digit of u/(-12) - 404/(-16)?
2
Let z(f) = -2*f**3 - 7*f**2 + 1. Let h(g) = -g**3 + g**2 - 1. Let v(u) = -h(u) + z(u). Let k be v(-8). What is the units digit of k + 3 + -1 + 72?
6
Suppose -5*u + 6 = 1. Suppose 5*z + 2*q + 0*q - 176 = 0, 3*z - 5*q = 87. What is the units digit of (z - (8 + -4))*u?
0
Let m(p) be the third derivative of p**5/60 - p**4/12 + 4*p**3/3 - 7*p**2. Let s be m(6). Suppose 2*k = 3*k - s. What is the tens digit of k?
3
Let h = -25 + 22. Let s be (h - 1) + (10 - 2). Let p(j) = j**2 + 4*j - 1. What is the tens digit of p(s)?
3
Suppose 0 = 4*m - r - 16, 0 = m - 2*r - 2 - 9. Suppose -6*g + m*g = 0. What is the tens digit of (30 - 0) + -3 + g?
2
Suppose 0 = -3*h + 10 - 1. Suppose 0 = h*v - 6. Suppose -4*p = 2*u - v*p - 32, -4*u = -5*p - 28. What is the units digit of u?
2
Let h = -246 + 531. Suppose 4*y = 5*n - 357, -4*n = -0*n - 3*y - h. What is the tens digit of n?
6
What is the hundreds digit of 1/((-9)/63) + 601?
5
Let w = 5722 + -3924. Suppose 7*m = 183 + w. What is the tens digit 